210
-9449c (base 16) to base 13
-183602
Convert -1897900 (base 12) to base 10.
-5176656
What is -2234433111 (base 5) in base 12?
-1811044
Convert -a3489 (base 13) to base 5.
-33333430
140a4 (base 15) to base 4
33230113
What is 1670030 (base 8) in base 12?
1b6108
Convert 486882 (base 10) to base 16.
76de2
What is -32113412 (base 5) in base 13?
-95aa3
Convert -1ea87 (base 16) to base 7.
-1032052
111111110101100110011 (base 2) to base 14
3c6483
What is 1001000111111100 (base 2) in base 9?
56234
-a055b (base 14) to base 11
-243471
71d6 (base 15) to base 3
1012222210
Convert e640f4 (base 16) to base 12.
5078704
796891 (base 13) to base 15
3ba8d7
Convert 2604590 (base 10) to base 3.
11220022211022
3134018 (base 12) to base 3
122110021011202
Convert -100111110011111010110 (base 2) to base 14.
-25d5b0
Convert 51103114 (base 6) to base 9.
2656551
11351054 (base 7) to base 6
33304052
What is -304163 (base 7) in base 9?
-78152
What is 221105433 (base 6) in base 5?
2004143111
Convert -187c00 (base 13) to base 15.
-c2d0d
What is -33034300 (base 5) in base 10?
-283700
What is d440 (base 16) in base 9?
82473
Convert 3011030 (base 4) to base 11.
9533
14c7b (base 14) to base 3
2122010111
What is abb90 (base 14) in base 4?
1211231302
Convert -11111100010100110111111 (base 2) to base 7.
-130164415
What is 409879 (base 10) in base 5?
101104004
What is 648789 (base 10) in base 15?
cc379
What is 27238 (base 13) in base 16?
11cb6
32313321202 (base 4) to base 3
21100002101121
What is -204033 (base 10) in base 11?
-12a325
Convert -11001011110110110011 (base 2) to base 4.
-3023312303
5010b (base 12) to base 13
38354
Convert 90e42 (base 15) to base 7.
3620501
What is -515624 (base 8) in base 11?
-107444
What is 42500 (base 14) in base 5?
20111012
Convert 1b143 (base 12) to base 13.
15243
What is 1106ac (base 14) in base 7?
4623605
13103 (base 6) to base 14
a19
257797 (base 10) to base 12
105231
What is -21311212 (base 7) in base 11?
-1031994
What is -eb33 (base 16) in base 5?
-3411321
13151245 (base 6) to base 13
1229b4
Convert 148cb (base 13) to base 3.
1222022120
What is -323003232 (base 4) in base 9?
-407740
What is -21328 (base 16) in base 3?
-20220112011
-47861 (base 12) to base 10
-96265
100000001000011011 (base 2) to base 4
200020123
-461440 (base 8) to base 12
-76654
-4113301 (base 5) to base 14
-1a445
Convert 112450131 (base 6) to base 16.
1fe607
What is -27a26 (base 12) in base 15?
-11493
What is -21825815 (base 9) in base 10?
-10587200
-39758 (base 13) to base 9
-172338
1010111101001100 (base 2) to base 3
2021120002
Convert 25244 (base 14) to base 5.
10403004
What is -134001014 (base 5) in base 16?
-a7e12
-305452 (base 9) to base 8
-541653
What is 202213 (base 7) in base 10?
34408
-210212022011 (base 3) to base 14
-b2b7c
What is -10012002112 (base 3) in base 6?
-1202322
What is -2210100011112 (base 3) in base 2?
-101101010000010011100
Convert -141966 (base 13) to base 2.
-1110111011101111011
What is 455402 (base 9) in base 16?
42a4c
What is 46724 (base 8) in base 3?
1000022221
What is 37a0361 (base 11) in base 4?
121020213100
What is 54542655 (base 7) in base 8?
21672332
-105375 (base 10) to base 9
-170483
What is -624bb (base 13) in base 4?
-223013032
Convert 1172817 (base 9) to base 13.
194845
Convert 2686176 (base 9) to base 4.
11213322030
Convert 3010430 (base 6) to base 4.
202201302
-20505302 (base 6) to base 11
-37a822
What is 42240737 (base 8) in base 10?
8995295
Convert 24921 (base 11) to base 2.
1000101110000110
Convert 3041531 (base 7) to base 10.
363161
Convert -100001001111100010111 (base 2) to base 10.
-1089303
Convert 40030455 (base 6) to base 13.
3046a0
Convert -377106 (base 14) to base 16.
-1d04e2
1507822 (base 12) to base 4
100023333122
-1112403 (base 7) to base 13
-4a907
What is 20603452 (base 8) in base 15?
5bb84b
What is 6886921 (base 10) in base 5?
3230340141
-1110010011110111011 (base 2) to base 8
-1623673
-5741 (base 14) to base 10
-15149
-98a2 (base 13) to base 11
-14a75
What is 2105230 (base 6) in base 11?
6a912
Convert b7151 (base 12) to base 10.
240397
What is -122011002120010 (base 3) in base 9?
-18132503
-395332 (base 10) to base 8
-1404104
Convert 1101002010 (base 3) to base 13.
c3c3
42302213 (base 5) to base 14
92b33
Convert -328e41 (base 16) to base 14.
-623625
Convert 526a5 (base 12) to base 3.
12111022122
What is -13450162 (base 8) in base 10?
-3035250
328383 (base 12) to base 11
4a8885
-11130103 (base 6) to base 5
-41311140
30065 (base 10) to base 9
45215
What is -120200020120020 (base 3) in base 4?
-133301313012
-58d6c (base 14) to base 3
-102000020001
Convert -122102223 (base 5) to base 10.
-581563
Convert 54d9e (base 16) to base 15.
6cea0
What is 52325144 (base 6) in base 9?
2766111
Convert 10041224202 (base 5) to base 4.
212202100222
What is -20210213 (base 6) in base 14?
-1102c1
10011000001011010011101 (base 2) to base 7
60245655
What is 33a608 (base 11) in base 2?
10000100000111000000
What is -11253012 (base 6) in base 8?
-1252140
What is 2b3b (base 14) in base 10?
7697
What is -53028 (base 9) in base 10?
-35018
-14522554 (base 7) to base 14
-2804d4
122020120 (base 4) to base 5
11411112
3020045 (base 7) to base 4
1113112112
-2313030330 (base 4) to base 6
-24030020
-511551 (base 7) to base 5
-10241220
16354010 (base 8) to base 14
709716
What is 331553 (base 8) in base 5?
12031332
Convert -44794 (base 12) to base 10.
-90976
Convert -114a9a (base 11) to base 9.
-307104
Convert 2010341422 (base 5) to base 4.
33033231013
What is 11456265 (base 7) in base 13?
29a609
What is -6425663 (base 7) in base 4?
-2332123022
129a9 (base 15) to base 12
2a573
128e4d (base 16) to base 2
100101000111001001101
-12632 (base 14) to base 7
-245362
Convert 5bc56 (base 16) to base 12.
161646
Convert 110111001010101111 (base 2) to base 10.
225967
What is 9252e7 (base 16) in base 14?
13b89cb
What is 13110441 (base 5) in base 7?
1044501
Convert -4412223323 (base 5) to base 12.
-3219302
Convert 11001100100100010111 (base 2) to base 16.
cc917
What is -7b12b (base 12) in base 2?
-101000000111110011
Convert 14236024 (base 7) to base 2.
101000110011011001000
-110010010001010110 (base 2) to base 14
-5507c
What is -32501551 (base 6) in base 13?
-280801
-b848a3 (base 12) to base 8
-13065773
-28823 (base 10) to base 5
-1410243
Convert -5115424 (base 7) to base 14.
-11c114
-240420201 (base 5) to base 9
-2067242
Convert 1110001011100111111010 (base 2) to base 5.
1422431001
57102 (base 15) to base 10
276977
What is d757a (base 14) in base 12?
210908
What is 620027 (base 8) in base 12?
9a647
Convert -200618 (base 9) to base 15.
-2521b
-53132410 (base 6) to base 7
-16122321
a177790 (base 11) to base 4
1010213330203
-1111001101000000010111 (base 2) to base 15
-53ad06
What is 45000 (base 12) in base 11?
62899
Convert -2315a2 (base 11) to base 6.
-11520013
Convert 117792 (base 12) to base 8.
1050236
53911 (base 10) to base 13
1b700
What is 2501345 (base 8) in base 6?
22433113
What is -a4dec (base 16) in base 11?
-421407
What is 13203002210 (base 4) in base 10?
1978532
What is -3e156a (base 16) in base 5?
-2020144324
-2222103 (base 5) to base 16
-9874
Convert -86782 (base 9) to base 4.
-32002133
What is -251312 (base 9) in base 4?
-211011032
1367515 (base 8) to base 6
12200353
-22133213 (base 4) to base 15
-cb08
c5b0a8 (base 13) to base 9
8625041
Convert -202001120221220 (base 3) to base 4.
-220222210221
Convert -10012330230 (base 4) to base 7.
-12104022
Convert 101201001112010 (base 3) to base 7.
66234312
Convert 16d3c10 (base 14) to base 10.
11266486
What is -29297 (base 12) in base 7?
-326266
What is 3212032 (base 4) in base 3?
202012201
Convert -4979c (base 14) to base 10.
-179870
What is -5033aab (base 12) in base 13?
-3151ca3
What is 2656543 (base 7) in base 2?
1010101100100001111
What is -140201035 (base 6) in base 3?
-12022000122212
Convert -348072 (base 10) to base 4.
-1110332220
Convert -4133431411 (base 5) to base 15.
-b2d33b
Convert -6079b5 (base 12) to base 14.
-2b3049
Convert 14343144 (base 5) to base 11.
a4992
Convert -20230311 (base 4) to base 13.
-132b4
What is 1011011111000100001111 (base 2) in base 3?
12122222002021
What is 490ba (base 16) in base 8?
1110272
Convert 1ba583 (base 12) to base 13.
144420
What is -1053308 (base 15) in base 6?
-10